e remainder when s is divided by 41.
31
Calculate the remainder when 1154 is divided by (300/210)/(((-12)/(-126))/((-4)/(-6))).
4
What is the remainder when 3237 is divided by (3*(-35)/(-42) + -3)/(1/(-360))?
177
Let a = 30401 + -30296. What is the remainder when 3357 is divided by a?
102
Suppose -c = -0*c - 3. Let o(i) = 2*i - 1. Let a = 11 - -2. Calculate the remainder when a is divided by o(c).
3
Suppose 122*p - 4099 = 37381. Calculate the remainder when p is divided by 53.
22
Let y(j) = j**2 - 7*j + 6. Let v(b) = 17*b - 63. Let n = -67 - -72. Calculate the remainder when y(-6) is divided by v(n).
18
Let f = -2002 + 3035. What is the remainder when f is divided by 69?
67
Suppose -1672 = -4*a - 5*q, 399*a - 1672 = 395*a + 4*q. What is the remainder when 840 is divided by a?
4
Suppose 2*w - 12*t = -11*t + 1145, -w + 571 = -t. Calculate the remainder when w is divided by 96.
94
Suppose -4*q = 5*p + 168, 0 = -5*q - 8*p + 7*p - 210. Let v be (4 - 1)/((-6)/4). Calculate the remainder when q/v*((-154)/3)/(-11) is divided by 33.
32
Let l be ((-21)/27 - -1) + 8/(-36). Suppose l = -5*h - 0*h + x + 110, 110 = 5*h + 5*x. What is the remainder when h is divided by 15?
7
Let p = 1387 - 1363. What is the remainder when 815 is divided by p?
23
Let m = -29041 + 29149. Calculate the remainder when 329 is divided by m.
5
Suppose -4*j - 3*x - 993 = 0, 362 = -4*j - 2*x - 636. Calculate the remainder when 79 is divided by 25/(150/j)*(-1)/2.
16
Let p be (-4)/(-7) + (-624)/(-182). Suppose p*m - 47 - 80 = -i, -m + 538 = 4*i. What is the remainder when i is divided by 34?
33
Let a = 432 - 210. What is the remainder when (a/(-24))/((-1)/4 - 0) is divided by 17?
3
Let m(k) = -k**3 + 11*k**2 + 7*k - 12. Let y be -3 - (-1 - ((-2 - -3) + 12)). What is the remainder when 255 is divided by m(y)?
60
Let v(k) = -k**3 + 37*k**2 + 128*k - 152. What is the remainder when v(40) is divided by 22?
14
Let r = 167 + -176. Let t(n) = n**3 + 5*n**2 + n - 1. What is the remainder when (-11)/33 + (-372)/r is divided by t(-4)?
8
Let z be 39 + -4*(-2)/8. Suppose 4*g - 8 = -2*u, z = -2*g + 7*g - 5*u. Suppose -g*c - 4 = -36. Calculate the remainder when 38 is divided by c.
6
Let u be 7 - 0 - (-2 - -9). Suppose u = 37*z - 40*z + 501. Calculate the remainder when z is divided by 24.
23
Let g(o) = 10*o**3 - 3*o**2 + 2*o - 3. Let y(b) = b**3 + 8*b**2 + 16*b + 12. Let j be y(-7). What is the remainder when g(2) is divided by 357/j*-1*5?
34
Let d(q) = -q**3 + 8*q**2 + 2*q - 18. Let g be -3 + (1 + 4)/(2/(-2)). Calculate the remainder when d(g) is divided by 16.
14
What is the remainder when 412 is divided by (4 - 2)/(88/(-1716))*(-1 - 1)?
22
Suppose -20*l = -14*l - 198. Let y(i) = -2*i**3 + 65*i**2 + 37*i - 45. Calculate the remainder when y(l) is divided by 9.
6
Let m(y) = -105*y**3 + 21*y**2 + 42*y - 10. What is the remainder when m(-2) is divided by 66?
38
Suppose 0 = -5*z + 26 + 234. Suppose -606 - 107 = 23*v. Let u = v + z. What is the remainder when u is divided by 8?
5
Let k be (-12)/72 - (-682)/(-12). Let h = k + 86. Calculate the remainder when h is divided by (-198)/(-27)*6/4.
7
Suppose -84*v + 838 - 334 = 0. Calculate the remainder when 25829 is divided by v.
5
Let c = 521 - 653. Calculate the remainder when c/(-7) + 36/(-42) is divided by 10.
8
Let t be 2/(-8) - 507/(-12). Let v be 5 + -5*(-5)/(-5). Suppose 5*z + 7 - t = v. What is the remainder when 62 is divided by z?
6
What is the remainder when 173 is divided by ((-4)/10)/(174/(-12615))?
28
What is the remainder when 1995/10 - 87/58 is divided by 75?
48
Suppose -2*v - 2 = -0*v, 2*v - 60 = -2*w. Suppose -w*d + 33*d = -4. Let o(g) = -4*g**3 - 3*g**2 - 3*g - 1. What is the remainder when 47 is divided by o(d)?
22
Let u = 7899 + -7765. Calculate the remainder when u is divided by 93.
41
What is the remainder when (10 - (-1107)/12)/(3/12) is divided by 131?
16
Calculate the remainder when 2051 is divided by 6/(-5) - (-19 - 504/(-30)).
0
Let n(p) be the first derivative of -p**3/3 + 12*p**2 - 85*p + 55. What is the remainder when (25 - -1)/((-18)/(-27)) is divided by n(19)?
9
Let k = 65 - -29. What is the remainder when k - -1 - (-31 + 33) is divided by 16?
13
Let w = 136 - 25. Let s(y) = -4*y**2 + 17*y + 1. Let q be s(4). Calculate the remainder when w is divided by (1 + -2)*(-24 + q).
16
Let w be 19362/(-210) - (2/(-10) + 0). Let j = w - -299. Calculate the remainder when j is divided by 19.
17
Let d(z) = z**3 - 15*z**2 + 60*z - 35. Let k(y) = 12*y + 54. What is the remainder when k(17) is divided by d(10)?
63
Let d(o) = -o**2 - 43*o + 435. What is the remainder when 40 is divided by d(8)?
13
Calculate the remainder when (3/2*229)/(711/24174) is divided by 95.
89
Let k(q) = q**2 - 6*q + 13. Let i be k(3). Suppose -102 = -4*f + 310. Suppose -f = -i*h - 23. Calculate the remainder when h is divided by 17.
3
Let w = -12986 + 12989. Calculate the remainder when 5221 is divided by w.
1
Suppose -3*o + 2*s + 171 = 0, -s = -0*s. Let v(h) = -15*h + 214. Calculate the remainder when v(7) is divided by o.
52
Suppose l - 27 = -17. What is the remainder when 527 is divided by l?
7
Let n(i) = 985*i - 3280. What is the remainder when n(5) is divided by 812?
21
Suppose -170*m + 256 = -2804. Calculate the remainder when 97 is divided by m.
7
Suppose 6490 = 3*x - 2*q, -5*x - 3*q + 7121 = -3702. Calculate the remainder when x is divided by 57.
55
Let o be 3111/18 - 2/(-12). Suppose -o = -5*b + 7. Calculate the remainder when b is divided by 8.
4
Let d(u) = -u**2 - 65*u + 4321. What is the remainder when d(35) is divided by 210?
191
Let h(a) = -30*a + 5. Let i be h(2). Let o be (-7)/(i/25 - -2). Suppose -o + 134 = 3*y. Calculate the remainder when 129 is divided by y.
30
Let h(u) = u**3 + 4*u**2 - 6*u - 3. Let m be h(-4). Calculate the remainder when 442/(-52)*(-1 - m) is divided by 95.
92
Let v = -1003 + 1029. Let y(b) = 33*b**2 + 2*b - 1. Suppose -4*x = -i + 10, -5*x - 2*i = -0*x + 6. Calculate the remainder when y(x) is divided by v.
23
Let y(a) = a**2 + 114*a - 2130. Suppose -u - 3*j + 13 = -10, -2*j - 78 = -4*u. What is the remainder when y(17) is divided by u?
17
Let n(k) = -24*k - 20. Suppose 4*d = -5*d + 3*d. Suppose 4*p - 15 + 23 = d. Calculate the remainder when n(p) is divided by 19.
9
Let a(k) = -82*k + 2908. What is the remainder when (72/10)/((-21)/(-280)) is divided by a(35)?
20
Suppose 2 = -17*t - 100. Let h(g) = -17*g - 78. What is the remainder when h(t) is divided by 4?
0
Let q(y) = 435*y**3 + 11*y - 11. Calculate the remainder when q(1) is divided by 49.
43
Let u be -5*1*5*-5. Suppose -3*m = g - 109, -5*m - 2*g - 7 + 188 = 0. Calculate the remainder when m is divided by ((-8)/5)/((-10)/u).
17
Let m(y) = 153*y - 655. Calculate the remainder when 265 is divided by m(6).
2
Suppose 0 = -4*s + s + 102. Calculate the remainder when s is divided by 21 + 9*((-36)/6 + 5).
10
Suppose 29*z - 39*z = -50. Suppose 0*k - k + z*o = -20, 5*o = 2*k - 30. Calculate the remainder when k is divided by 3.
1
Let m be (27/18)/(4 - 26/8). Calculate the remainder when 155 + m + -9 + 3 is divided by 22.
19
Suppose -q = -2*v - 90, -30*q + 102 = -29*q - 5*v. What is the remainder when 266 is divided by q?
20
Let o = 4766 + -4097. What is the remainder when o is divided by 222?
3
Suppose 8*r = 1877 + 435. Let m = -96 - -125. What is the remainder when r is divided by m?
28
Suppose 4*d - 47 + 7 = 0. Let c = 225 - 200. Suppose -3*y + 87 = 3*m, c*m = 22*m + 3. What is the remainder when y is divided by d?
8
Let k(u) = 22*u + 1087. What is the remainder when 574 is divided by k(-43)?
10
What is the remainder when (-4530)/4*(1580/60 - 27) is divided by 152?
147
Let j(d) = 3*d**2 + 6*d + 6. Suppose 1258*q + 4*n = 1249*q + 1868, 3*q + 3*n - 621 = 0. What is the remainder when q is divided by j(-4)?
28
Suppose -2*j = -4*m - 22, 0*j - 3*j - m + 33 = 0. Calculate the remainder when 1437 is divided by j.
7
Suppose 134421 = 172*v - 63*v + 150*v. Calculate the remainder when v is divided by 36.
15
Let i(x) = 45*x**2 + 2*x + 1. Let j be i(-1). Suppose j = 2*g + 9*g. Calculate the remainder when 13 is divided by g.
1
Let g = -284 + 320. Calculate the remainder when 57 is divided by ((-15)/2)/(g/(-192)).
17
Suppose 2*o + 3*s = 7*o - 1404, -2*s - 2816 = -10*o. What is the rema